{"id":1103,"date":"2025-09-03T14:45:20","date_gmt":"2025-09-03T12:45:20","guid":{"rendered":"https:\/\/valenciastays.com\/?post_type=alquiler&#038;p=1103"},"modified":"2025-09-03T17:52:05","modified_gmt":"2025-09-03T15:52:05","slug":"mendoza-1","status":"publish","type":"alquiler","link":"https:\/\/valenciastays.com\/en\/alquiler\/mendoza-1\/","title":{"rendered":"Mendoza 1"},"content":{"rendered":"\n<p>Este encantador apartamento est\u00e1 situado en el <strong>barrio del Carmen<\/strong>, uno de los m\u00e1s emblem\u00e1ticos y vibrantes de Valencia, justo al lado de la pintoresca y animada <strong>Plaza del Negrito<\/strong>. Se trata de una zona muy c\u00e9ntrica y con un encanto \u00fanico, rodeada de historia, cultura y los principales puntos de inter\u00e9s tur\u00edstico de la ciudad.<\/p>\n\n\n\n<p>La vivienda se encuentra en la <strong>cuarta y \u00faltima planta del edificio (sin ascensor)<\/strong>, con acceso a una <strong>terraza comunitaria<\/strong> que puede disfrutarse sin ning\u00fan inconveniente. El apartamento est\u00e1 completamente equipado y listo para garantizar una estancia c\u00f3moda.<\/p>\n\n\n\n<p>Cuenta con un <strong>sal\u00f3n con cocina integrada<\/strong>, un <strong>dormitorio independiente<\/strong>, un ba\u00f1o completo, aire acondicionado por conductos, lavadora y cocina equipada con horno, nevera y menaje.<\/p>\n\n\n\n<p>Gracias a su ubicaci\u00f3n privilegiada, permite descubrir f\u00e1cilmente los rincones m\u00e1s representativos de Valencia a pie. Adem\u00e1s, la playa se encuentra a tan solo <strong>20 minutos en autob\u00fas<\/strong>, ofreciendo la opci\u00f3n perfecta para combinar el ambiente urbano con relajantes d\u00edas junto al mar.<\/p>\n","protected":false},"author":2,"featured_media":1104,"template":"","tipo_alquiler":[25],"class_list":["post-1103","alquiler","type-alquiler","status-publish","has-post-thumbnail","hentry","tipo_alquiler-apartamento","entry","has-media","owp-thumbs-layout-horizontal","owp-btn-normal","owp-tabs-layout-horizontal","has-no-thumbnails","has-product-nav"],"_links":{"self":[{"href":"https:\/\/valenciastays.com\/en\/wp-json\/wp\/v2\/alquiler\/1103","targetHints":{"allow":["GET"]}}],"collection":[{"href":"https:\/\/valenciastays.com\/en\/wp-json\/wp\/v2\/alquiler"}],"about":[{"href":"https:\/\/valenciastays.com\/en\/wp-json\/wp\/v2\/types\/alquiler"}],"author":[{"embeddable":true,"href":"https:\/\/valenciastays.com\/en\/wp-json\/wp\/v2\/users\/2"}],"wp:featuredmedia":[{"embeddable":true,"href":"https:\/\/valenciastays.com\/en\/wp-json\/wp\/v2\/media\/1104"}],"wp:attachment":[{"href":"https:\/\/valenciastays.com\/en\/wp-json\/wp\/v2\/media?parent=1103"}],"wp:term":[{"taxonomy":"tipo_alquiler","embeddable":true,"href":"https:\/\/valenciastays.com\/en\/wp-json\/wp\/v2\/tipo_alquiler?post=1103"}],"curies":[{"name":"wp","href":"https:\/\/api.w.org\/{rel}","templated":true}]}}

<p>Este encantador apartamento está situado en el <strong>barrio del Carmen</strong>, uno de los más emblemáticos y vibrantes de Valencia, justo al lado de la pintoresca y animada <strong>Plaza del Negrito</strong>. Se trata de una zona muy céntrica y con un encanto único, rodeada de historia, cultura y los principales puntos de interés turístico de la ciudad.</p>



<p>La vivienda se encuentra en la <strong>cuarta y última planta del edificio (sin ascensor)</strong>, con acceso a una <strong>terraza comunitaria</strong> que puede disfrutarse sin ningún inconveniente. El apartamento está completamente equipado y listo para garantizar una estancia cómoda.</p>



<p>Cuenta con un <strong>salón con cocina integrada</strong>, un <strong>dormitorio independiente</strong>, un baño completo, aire acondicionado por conductos, lavadora y cocina equipada con horno, nevera y menaje.</p>



<p>Gracias a su ubicación privilegiada, permite descubrir fácilmente los rincones más representativos de Valencia a pie. Además, la playa se encuentra a tan solo <strong>20 minutos en autobús</strong>, ofreciendo la opción perfecta para combinar el ambiente urbano con relajantes días junto al mar.</p>
